 k = 12357 + 242. List the prime factors of k.
43, 293
List the prime factors of 1370/(3 + 5*(-186)/330).
5, 11, 137
Let u(k) = -15*k**2 + 3*k - 52. Let x(r) = -22*r**2 + 4*r - 77. Let l(c) = 7*u(c) - 5*x(c). List the prime factors of l(-8).
3, 37
Suppose -g = -4*w - 2542, -6*w = -w + 4*g + 3188. List the prime factors of (-2)/(-2 + 7 + -3)*w.
2, 3, 53
List the prime factors of 10/(-5)*(-1657 + 11).
2, 823
Suppose 0 = 766*a - 812*a + 2289918 - 257178. List the prime factors of a.
2, 3, 5, 491
What are the prime factors of 182/(-9*16/(-9144))?
7, 13, 127
Let r(b) = 11 - b**2 + b**3 + 5*b**2 + 2*b**2 - 74*b + 67*b. Let n = -11 + 4. List the prime factors of r(n).
11
Suppose -k + 2*n = -26246, -5*k - 2*n = -68088 - 63106. What are the prime factors of k?
2, 5, 41
Let y(d) = -d**3 + 14*d**2 - 19*d - 12. Let r be y(10). List the prime factors of 24872/22 - r/363.
2, 5, 113
Let w(l) be the second derivative of l**5/20 + 7*l**4/6 + 5*l**3/3 + 13*l**2/2 + l + 1. List the prime factors of w(-9).
2, 41
Suppose -19*u = -1076 - 7. What are the prime factors of (u/(-76))/((-2)/984)?
3, 41
Let p = -18 + 21. Let r be (-15 + -1)*p/(-12). Suppose 479 = -0*s + r*s + 3*d, 3*s = -3*d + 357. What are the prime factors of s?
2, 61
Let b(i) = 2*i + 41. Let y be b(-19). Let m be (-2476)/(-16) - (26/(-8) + y). Suppose -q + m = -4*u, 5*u - 4*u + 756 = 5*q. What are the prime factors of q?
151
Let q be (40/(-12))/(-1*10/15). Let z = 11 - 6. Suppose 0 = q*j + 25, j = z*h - 171 + 51. What are the prime factors of h?
23
Let g(k) = k**3 + 7*k**2 - 11*k - 8. Let b(v) = -1. Let y be (-2)/(-6)*(-27)/(-9). Let t(r) = y*g(r) - 3*b(r). What are the prime factors of t(-4)?
3, 29
Let q be 6/(-4) + (5 - 5548/(-8)). Suppose -454 = -z + 5*h, 3*z - 5*h = 625 + q. What are the prime factors of z?
2, 7, 31
Suppose -5*p - 33 = -2*r + 4*r, -69 = 3*r + p. Let a(j) = -j**3 - 9*j**2 + j + 3. Let x be a(-9). Let o = x - r. List the prime factors of o.
2, 3
Let a(z) = -6*z - 34 - 3*z + 6*z + 19*z**2 + 56*z**2. What are the prime factors of a(-4)?
2, 19, 31
Let h(d) = -d**2 - 11*d - 60. Let q be h(-6). Let t(n) = -3*n - 2. Let f be t(2). Let z = f - q. What are the prime factors of z?
2, 11
Suppose -4*m - a - 4754 = -7*m, a - 4 = 0. Let o = m + -829. What are the prime factors of o?
757
Suppose -11*p = 43121 - 283597 - 177579. List the prime factors of p.
5, 11, 691
Let z = 148 - 155. Let b(i) = -39*i - 1. List the prime factors of b(z).
2, 17
Let i(o) = 2*o**2 + 14*o - 10. Let c be i(-9). Suppose c - 1765 = -3*s - l, s + 3*l = 577. What are the prime factors of s?
2, 5, 29
Let m(x) = 450*x - 54. Let i be m(13). Suppose -c - i = -24*c. List the prime factors of c.
2, 3, 7
List the prime factors of ((-5)/25*2)/((-3 - -9)/(-205950)).
2, 5, 1373
Suppose -2*z = 625 - 12551. List the prime factors of z.
67, 89
Let s = -44 - -53. Let n be -7 + s - 3/(-1). Suppose -2*h + 236 = n*l, 4*h = -0*h + 2*l + 448. List the prime factors of h.
113
Let i be (6 + -8 + 4)*(-6)/(-4). Let b(d) be the first derivative of d**2/2 + d + 6. What are the prime factors of b(i)?
2
Let o(m) = 10*m**2 - 172*m - 3499. What are the prime factors of o(-24)?
6389
Let q(w) be the third derivative of -7*w**6/40 - w**5/15 - w**4/6 - 2*w**3/3 + 3*w**2 - 11. List the prime factors of q(-2).
2, 3, 13
Let s(u) = -10 + 4*u**3 - 5*u + 4*u**3 + u**2 - 9*u**3 + 7*u**2. Let b be s(7). Suppose 2*c = c + 3*n + 62, c + b*n - 41 = 0. What are the prime factors of c?
53
Let g(b) = 353*b**2 + 2*b - 1. Let u be g(1). Let m be (u/4)/(17/34). Suppose -q - 229 = -5*q - n, 0 = 3*q - n - m. List the prime factors of q.
2, 29
Let h(m) = 8*m + 114. Suppose -9*o - 12*o + 294 = 0. List the prime factors of h(o).
2, 113
Suppose 91*q - 88*q = 12. Suppose q*c - 1216 = 2*u, 5*c = -u - 134 + 1661. What are the prime factors of c?
5, 61
Let q(n) be the first derivative of 34*n**3 + n**2 - 2*n + 9. List the prime factors of q(1).
2, 3, 17
Suppose -3*o + 4*f = 117, -3*o + 0*f = 3*f + 117. Suppose 17*b + 1022 - 325 = 0. Let a = o - b. What are the prime factors of a?
2
Suppose 131*q - 56 = 127*q. Let t = q - -8. List the prime factors of t.
2, 11
Suppose -29*b + 2*m = -28*b - 7769, 2*b = m + 15538. List the prime factors of b.
17, 457
What are the prime factors of ((-6)/5)/((-126)/(-140))*171/(-3)?
2, 19
Suppose -5*n - 2*l + 20931 = 0, -7*l + 786 = 2*n - 7574. List the prime factors of n.
53, 79
What are the prime factors of (-2)/((-171428)/28571 - 43/((-129)/18))?
28571
Suppose 4*r + 2*y + 1390 = 0, -4*r - y - 1659 = -270. Let x(h) = -3*h - 18. Let g be x(-8). List the prime factors of r/(-7) + -1 + g/14.
7
Let i be ((-3)/2)/3*2 - -9. Suppose n - 5 = -i. What are the prime factors of (-283)/n + 3/(-9)?
2, 47
Let q = 1534 - -10897. What are the prime factors of q?
31, 401
Let o be ((-16)/3)/((-5)/840). Let r = o + -568. List the prime factors of r.
2, 41
Let f(k) = -k**3 - 11*k**2 + 3*k - 11. Let z be f(-6). Let u = 593 + z. List the prime factors of u.
2, 3
Let f(m) = 105*m**2 + 91*m + 1936. What are the prime factors of f(-17)?
2, 11, 127
Let p be 1478/7 - (-11)/(-77). Let z = p - -17. What are the prime factors of z?
2, 3, 19
Suppose -85 = -0*k + 5*k. Let j be (-2 - k)*(-3 + 6). List the prime factors of 9/j - 708/(-10).
71
Let i = 52 - 44. Let m = 326 + -60. Suppose i*k - m = k. List the prime factors of k.
2, 19
Let q = -238 - -232. What are the prime factors of (-3 - 213/q)*(-18)/(-5)?
3, 13
Suppose -711 = -3*b + 11*r - 8*r, -b = 5*r - 213. Suppose -5*w = -3*z - 2750, w = -3*z - b + 783. What are the prime factors of w?
2, 5, 11
Let o(g) = -61*g - 3 + 109*g + 410*g**2 - 53*g. What are the prime factors of o(-1)?
2, 103
Let s(b) = -2*b - 63. Let t be s(-28). Let u(p) = -2*p**3 - 6*p**2 + 20*p + 20. List the prime factors of u(t).
2, 17
What are the prime factors of (-18 + -4 + 14)/((-4284)/(-2145) - 2)?
2, 5, 11, 13
Suppose 0 = 9*m + 48 + 60. What are the prime factors of ((-2)/(m/18) - 1) + 649?
3, 7, 31
Suppose 0 = 5657*s - 5641*s - 29392. What are the prime factors of s?
11, 167
Suppose 136*s - 1486032 - 481752 = 0. List the prime factors of s.
3, 7, 13, 53
Let t(w) = 20*w - 70. Let m be t(4). What are the prime factors of (-30)/m*(-73 - 0)?
3, 73
Let y = 36065 + -22832. What are the prime factors of y?
3, 11, 401
Let h = -153 - -225. List the prime factors of (-1)/(-6) + (-3)/(h/(-9428)).
3, 131
Let b = -60 - -64. Suppose 0 = 4*m + b*a - 604, 2 = a - 2. What are the prime factors of m?
3, 7
Suppose 0 = -v + 5, -3*d - 3*v = -8*v + 19. Suppose 2*x = 5*x - d*b - 653, 2*x = 3*b + 432. What are the prime factors of x?
3, 73
Suppose -8 = 6*d - 26. Suppose -b + 479 = d*b + 3*j, -3*b - 4*j = -368. Let z = -84 + b. What are the prime factors of z?
2
Let q be (2/(-7) + (-105)/(-196))*8. Suppose 8 = -q*w, -z + 3*z + 4*w - 688 = 0. What are the prime factors of z?
2, 11
Let s(t) = -212*t - 56. Let f be s(-14). Suppose 0 = -70*d + 62*d + f. List the prime factors of d.
2, 7, 13
What are the prime factors of 7 - (178200/(-63))/(22/385)?
31, 1597
Let v(q) = -288*q + 708. List the prime factors of v(-34).
2, 3, 5, 7
Suppose -134 = -9*w + 64. Let c(q) = 4*q**2 - 41*q + 6. What are the prime factors of c(w)?
2, 5, 13
Suppose -104*y - 139753 = -108*y + 77015. List the prime factors of y.
2, 3, 1129
Suppose 19*p + 510614 = -27*p + 1833620. List the prime factors of p.
3, 9587
Let k = -11 + 15. Let d(f) = -f**3 - 10*f**2 - 3*f + 54. Let a be d(-9). What are the prime factors of 160 + k + a - 4?
2, 5
Suppose 21*h - 23*h - 22 = 0. What are the prime factors of ((-88)/h - 10)/(1/(-122))?
2, 61
Let j(i) = 4983*i**2 - 16*i + 17. What are the prime factors of j(1)?
2, 7, 89
Let k(g) = -2*g**2 - 45*g - 11. Let a be k(-22). Suppose -t + 4*v + 1770 = 0, -a*t + v + 8907 = -6*t. List the prime factors of t.
2, 3, 11
Let n(p) = -p**3 - 5*p**2 + 5*p - 8. Let c be n(-7). Let v = c + -52. Suppose -x + v*x + 2*y = 94, 0 = 5*x + y - 255. What are the prime factors of x?
2, 13
Let z = 1060 - 470. What are the prime factors of (60/8)/(5/z)?
3, 5, 59
Let k(g) = 2*g**2 - 22*g + 39. Let q = -202 + 220. List the prime factors of k(q).
3, 97
Let h(x) = 2*x**2 - 13*x + 5. Let u be h(5). What are the prime factors of 5212/12*3 + 5 + u?
2, 11, 59
Let d(k) = 2*k**3 + 100*k**2 + 320*k - 77. List the pr